{"id":2,"date":"2024-09-02T09:52:53","date_gmt":"2024-09-02T07:52:53","guid":{"rendered":"https:\/\/reset.pionyr.cz\/2025\/?page_id=2"},"modified":"2026-05-14T13:55:33","modified_gmt":"2026-05-14T11:55:33","slug":"uvod","status":"publish","type":"page","link":"https:\/\/reset.pionyr.cz\/2025\/","title":{"rendered":"RESET 2025"},"content":{"rendered":"<div class=\"et_pb_section_0 et_pb_section et_pb_fullwidth_section et_section_regular et_block_section\"><section class=\"et_pb_fullwidth_header_0 et_pb_fullwidth_header et_pb_fullscreen et_pb_header_with_image et_pb_bg_layout_dark et_pb_text_align_center et_pb_module et_flex_module\"><div class=\"et_pb_fullwidth_header_container center\"><div class=\"header-content-container center\"><div class=\"header-content et_flex_module\"><h1 class=\"et_pb_module_header\">RESET 2025<\/h1><span class=\"et_pb_fullwidth_header_subhead\">23.-25. kv\u011btna 2025 &#8211; Pil\u00e1k, \u017d\u010f\u00e1r nad S\u00e1zavou<\/span><div class=\"et_pb_header_content_wrapper\"><p><span style=\"font-size: large\">REPUBLIKOV\u00c9 SETK\u00c1N\u00cd PION\u00ddRSK\u00ddCH ODD\u00cdL\u016e<\/span><\/p>\n<\/div><div class=\"et_pb_header_button_wrapper\"><a class=\"et_pb_button et_pb_more_button et_pb_button_one\" href=\"https:\/\/reset.pionyr.cz\/2025\/sekce-a-aktivity\/\">Co n\u00e1s \u010dek\u00e1?<\/a><a class=\"et_pb_button et_pb_more_button et_pb_button_two\" href=\"https:\/\/reset.pionyr.cz\/2025\/program\/\">Program<\/a><\/div><\/div><\/div><div class=\"header-image-container center\"><div class=\"header-image\"><img decoding=\"async\" src=\"\/wp-content\/uploads\/2022\/11\/pionyr1_vert_white-rgb.svg\" \/><\/div><\/div><\/div><div class=\"et_pb_fullwidth_header_overlay\"><\/div><div class=\"et_pb_fullwidth_header_scroll\"><\/div><\/section><\/div><div class=\"et_pb_section_1 et_pb_section et_section_specialty et_pb_gutters3 et_block_section\" id=\"info\"><div class=\"et_pb_row et_block_row\"><div class=\"et_pb_column_0 et_pb_column et_pb_specialty_column et_pb_column_2_3 et_block_column et_pb_css_mix_blend_mode_passthrough\"><div class=\"et_pb_row_inner_0 et_pb_row_inner et_block_row\"><div class=\"et_pb_column_inner_0 et_pb_column_inner et_pb_column et_pb_column_4_4 et-last-child et_block_column et_pb_css_mix_blend_mode_passthrough\"><div class=\"et_pb_text_0 et_pb_text et_pb_bg_layout_light et_pb_module et_block_module\"><div class=\"et_pb_text_inner\"><h2>FOTOGALERIE RESET 2025<\/h2>\n<\/div><\/div><div class=\"et_pb_text_1 et_pb_text et_pb_bg_layout_light et_pb_module et_block_module\"><div class=\"et_pb_text_inner\"><p><a href=\"https:\/\/photos.app.goo.gl\/PPAS4eLqUUpQiyix5\" target=\"_blank\" rel=\"noopener\">Zde najdete sd\u00edlen\u00e9 fotoalbum ReSetu<\/a><\/p>\n<p>&nbsp;<\/p>\n<\/div><\/div><\/div><\/div><div class=\"et_pb_row_inner_1 et_pb_row_inner et_block_row\"><div class=\"et_pb_column_inner_1 et_pb_column_inner et_pb_column et_pb_column_4_4 et-last-child et_block_column et_pb_css_mix_blend_mode_passthrough\"><div class=\"et_pb_text_2 et_pb_text et_pb_bg_layout_light et_pb_module et_block_module\"><div class=\"et_pb_text_inner\"><h2>PSALI JSME V MOZAICE<\/h2>\n<\/div><\/div><\/div><\/div><div class=\"et_pb_row_inner_2 et_pb_row_inner et_block_row\"><div class=\"et_pb_column_inner_2 et_pb_column_inner et_pb_column et_pb_column_2_9 et_block_column et_pb_css_mix_blend_mode_passthrough\"><div class=\"et_pb_blurb_0 et_pb_blurb et_pb_bg_layout_light et_pb_blurb_position_top et_clickable et_pb_module et_block_module\"><div class=\"et_pb_blurb_content\"><div class=\"et_pb_main_blurb_image et_animated\"><span class=\"et_pb_image_wrap et_pb_only_image_mode_wrap\"><img loading=\"lazy\" decoding=\"async\" src=\"https:\/\/reset.pionyr.cz\/2025\/wp-content\/uploads\/sites\/3\/2024\/09\/1641150401pilak2.jpg\" width=\"2048\" height=\"1366\" srcset=\"https:\/\/reset.pionyr.cz\/2025\/wp-content\/uploads\/sites\/3\/2024\/09\/1641150401pilak2.jpg 2048w, https:\/\/reset.pionyr.cz\/2025\/wp-content\/uploads\/sites\/3\/2024\/09\/1641150401pilak2-1280x854.jpg 1280w, https:\/\/reset.pionyr.cz\/2025\/wp-content\/uploads\/sites\/3\/2024\/09\/1641150401pilak2-980x654.jpg 980w, https:\/\/reset.pionyr.cz\/2025\/wp-content\/uploads\/sites\/3\/2024\/09\/1641150401pilak2-480x320.jpg 480w\" sizes=\"(min-width: 0px) and (max-width: 480px) 480px, (min-width: 481px) and (max-width: 980px) 980px, (min-width: 981px) and (max-width: 1280px) 1280px, (min-width: 1281px) 2048px, 100vw\" class=\"wp-image-241\" \/><\/span><\/div><div class=\"et_pb_blurb_container\"><h4 class=\"et_pb_module_header\">RESET se pomalu, ale jist\u011b bl\u00ed\u017e\u00ed!<\/h4><div class=\"et_pb_blurb_description\"><p><strong>Mozaika &#8211; \u010derven 2024<\/strong><\/p>\n<p><a href=\"https:\/\/mozaika.pionyr.cz\/reset-se-pomalu-ale-jiste-blizi\/?fbclid=IwY2xjawFM0mNleHRuA2FlbQIxMQABHf6yAS7sgdV7m1rZp0EPc3sdlyQuoyDsRe-ig0L_Muh_dvlxch3k707yPw_aem_8ZNXXvIOXrzmy92ofuGhTA\" target=\"_blank\" rel=\"noopener\">p\u0159e\u010d\u00edst \u010dl\u00e1nek v Mozaice Pion\u00fdra<\/a><\/p>\n<\/div><\/div><\/div><\/div><div class=\"et_pb_blurb_1 et_pb_blurb et_pb_bg_layout_light et_pb_blurb_position_top et_clickable et_pb_module et_block_module\"><div class=\"et_pb_blurb_content\"><div class=\"et_pb_main_blurb_image et_animated\"><span class=\"et_pb_image_wrap et_pb_only_image_mode_wrap\"><img loading=\"lazy\" decoding=\"async\" src=\"https:\/\/reset.pionyr.cz\/2025\/wp-content\/uploads\/sites\/3\/2024\/09\/cropped-logo-kulate-2.png\" width=\"512\" height=\"512\" srcset=\"https:\/\/reset.pionyr.cz\/2025\/wp-content\/uploads\/sites\/3\/2024\/09\/cropped-logo-kulate-2.png 512w, https:\/\/reset.pionyr.cz\/2025\/wp-content\/uploads\/sites\/3\/2024\/09\/cropped-logo-kulate-2-480x480.png 480w\" sizes=\"(min-width: 0px) and (max-width: 480px) 480px, (min-width: 481px) 512px, 100vw\" class=\"wp-image-144\" \/><\/span><\/div><div class=\"et_pb_blurb_container\"><h4 class=\"et_pb_module_header\">RESET 2025<\/h4><div class=\"et_pb_blurb_description\"><p><strong>Mozaika &#8211; listopad 2024<\/strong><\/p>\n<p><a href=\"https:\/\/mozaika.pionyr.cz\/reset-2025-3\/\" target=\"_blank\" rel=\"noopener\">p\u0159e\u010d\u00edst \u010dl\u00e1nek v Mozaice Pion\u00fdra<\/a><\/p>\n<\/div><\/div><\/div><\/div><div class=\"et_pb_blurb_2 et_pb_blurb et_pb_bg_layout_light et_pb_blurb_position_top et_clickable et_pb_module et_block_module\"><div class=\"et_pb_blurb_content\"><div class=\"et_pb_main_blurb_image et_animated\"><span class=\"et_pb_image_wrap et_pb_only_image_mode_wrap\"><img loading=\"lazy\" decoding=\"async\" src=\"https:\/\/reset.pionyr.cz\/2025\/wp-content\/uploads\/sites\/3\/2024\/09\/cropped-logo-kulate-2.png\" width=\"512\" height=\"512\" srcset=\"https:\/\/reset.pionyr.cz\/2025\/wp-content\/uploads\/sites\/3\/2024\/09\/cropped-logo-kulate-2.png 512w, https:\/\/reset.pionyr.cz\/2025\/wp-content\/uploads\/sites\/3\/2024\/09\/cropped-logo-kulate-2-480x480.png 480w\" sizes=\"(min-width: 0px) and (max-width: 480px) 480px, (min-width: 481px) 512px, 100vw\" class=\"wp-image-144\" \/><\/span><\/div><div class=\"et_pb_blurb_container\"><h4 class=\"et_pb_module_header\">RESET 2025<\/h4><div class=\"et_pb_blurb_description\"><p><strong>Mozaika &#8211; b\u0159ezen 2025<\/strong><\/p>\n<p><a href=\"https:\/\/drive.google.com\/file\/d\/1UAZwb8zEzxyabfe1HTkG-rDXUXnzK7NW\/view\" target=\"_blank\" rel=\"noopener\">p\u0159e\u010d\u00edst \u010dl\u00e1nek v Mozaice Pion\u00fdra<\/a><\/p>\n<\/div><\/div><\/div><\/div><\/div><div class=\"et_pb_column_inner_3 et_pb_column_inner et_pb_column et_pb_column_2_9 et_block_column et_pb_css_mix_blend_mode_passthrough\"><div class=\"et_pb_blurb_3 et_pb_blurb et_pb_bg_layout_light et_pb_blurb_position_top et_clickable et_pb_module et_block_module\"><div class=\"et_pb_blurb_content\"><div class=\"et_pb_main_blurb_image et_animated\"><span class=\"et_pb_image_wrap et_pb_only_image_mode_wrap\"><img loading=\"lazy\" decoding=\"async\" src=\"https:\/\/reset.pionyr.cz\/2025\/wp-content\/uploads\/sites\/3\/2024\/09\/logo-kulate-2.png\" title=\"logo &#8211; kulat\u00e9 2\" width=\"500\" height=\"500\" srcset=\"https:\/\/reset.pionyr.cz\/2025\/wp-content\/uploads\/sites\/3\/2024\/09\/logo-kulate-2.png 500w, https:\/\/reset.pionyr.cz\/2025\/wp-content\/uploads\/sites\/3\/2024\/09\/logo-kulate-2-480x480.png 480w\" sizes=\"(min-width: 0px) and (max-width: 480px) 480px, (min-width: 481px) 500px, 100vw\" class=\"wp-image-141\" \/><\/span><\/div><div class=\"et_pb_blurb_container\"><h4 class=\"et_pb_module_header\">RESET z\u00e1kladn\u00ed informace<\/h4><div class=\"et_pb_blurb_description\"><p><strong>Mozaika &#8211; z\u00e1\u0159\u00ed 2024<\/strong><\/p>\n<p><a href=\"https:\/\/drive.google.com\/file\/d\/1hQ0NjllSZ-0OBa6EfvBINAO07_jDlJ8Q\/view\" target=\"_blank\" rel=\"noopener\">p\u0159e\u010d\u00edst \u010dl\u00e1nek v Mozaice Pion\u00fdra<\/a><\/p>\n<\/div><\/div><\/div><\/div><div class=\"et_pb_blurb_4 et_pb_blurb et_pb_bg_layout_light et_pb_blurb_position_top et_clickable et_pb_module et_block_module\"><div class=\"et_pb_blurb_content\"><div class=\"et_pb_main_blurb_image et_animated\"><span class=\"et_pb_image_wrap et_pb_only_image_mode_wrap\"><img loading=\"lazy\" decoding=\"async\" src=\"https:\/\/reset.pionyr.cz\/2025\/wp-content\/uploads\/sites\/3\/2024\/09\/cropped-logo-kulate-2.png\" width=\"512\" height=\"512\" srcset=\"https:\/\/reset.pionyr.cz\/2025\/wp-content\/uploads\/sites\/3\/2024\/09\/cropped-logo-kulate-2.png 512w, https:\/\/reset.pionyr.cz\/2025\/wp-content\/uploads\/sites\/3\/2024\/09\/cropped-logo-kulate-2-480x480.png 480w\" sizes=\"(min-width: 0px) and (max-width: 480px) 480px, (min-width: 481px) 512px, 100vw\" class=\"wp-image-144\" \/><\/span><\/div><div class=\"et_pb_blurb_container\"><h4 class=\"et_pb_module_header\">RESET 2025<\/h4><div class=\"et_pb_blurb_description\"><p><strong>Mozaika &#8211; prosinec 2024<\/strong><\/p>\n<p><a href=\"https:\/\/drive.google.com\/file\/d\/1phNdBhFHGiT93f3Vi62Ee1SXvmXxGejK\/view\" target=\"_blank\" rel=\"noopener\">p\u0159e\u010d\u00edst \u010dl\u00e1nek v Mozaice Pion\u00fdra<\/a><\/p>\n<\/div><\/div><\/div><\/div><div class=\"et_pb_blurb_5 et_pb_blurb et_pb_bg_layout_light et_pb_blurb_position_top et_clickable et_pb_module et_block_module\"><div class=\"et_pb_blurb_content\"><div class=\"et_pb_main_blurb_image et_animated\"><span class=\"et_pb_image_wrap et_pb_only_image_mode_wrap\"><img loading=\"lazy\" decoding=\"async\" src=\"https:\/\/reset.pionyr.cz\/2025\/wp-content\/uploads\/sites\/3\/2024\/09\/cropped-logo-kulate-2.png\" width=\"512\" height=\"512\" srcset=\"https:\/\/reset.pionyr.cz\/2025\/wp-content\/uploads\/sites\/3\/2024\/09\/cropped-logo-kulate-2.png 512w, https:\/\/reset.pionyr.cz\/2025\/wp-content\/uploads\/sites\/3\/2024\/09\/cropped-logo-kulate-2-480x480.png 480w\" sizes=\"(min-width: 0px) and (max-width: 480px) 480px, (min-width: 481px) 512px, 100vw\" class=\"wp-image-144\" \/><\/span><\/div><div class=\"et_pb_blurb_container\"><h4 class=\"et_pb_module_header\">RESET 2025<\/h4><div class=\"et_pb_blurb_description\"><p><strong>Mozaika &#8211; duben 2025<\/strong><\/p>\n<p><a href=\"https:\/\/mozaika.pionyr.cz\/reset-2025-program\/\" target=\"_blank\" rel=\"noopener\">p\u0159e\u010d\u00edst \u010dl\u00e1nek v Mozaice Pion\u00fdra<\/a><\/p>\n<\/div><\/div><\/div><\/div><\/div><div class=\"et_pb_column_inner_4 et_pb_column_inner et_pb_column et_pb_column_2_9 et-last-child et_block_column et_pb_css_mix_blend_mode_passthrough\"><div class=\"et_pb_blurb_6 et_pb_blurb et_pb_bg_layout_light et_pb_blurb_position_top et_clickable et_pb_module et_block_module\"><div class=\"et_pb_blurb_content\"><div class=\"et_pb_main_blurb_image et_animated\"><span class=\"et_pb_image_wrap et_pb_only_image_mode_wrap\"><img decoding=\"async\" src=\"https:\/\/mozaika.pionyr.cz\/wp-content\/uploads\/2024\/10\/RESET-2025-Mozaika-rijen-2024-1-761x410.jpg\" \/><\/span><\/div><div class=\"et_pb_blurb_container\"><h4 class=\"et_pb_module_header\">RESET 2025<\/h4><div class=\"et_pb_blurb_description\"><p><strong>Mozaika &#8211; \u0159\u00edjen 2024<\/strong><\/p>\n<p><a href=\"https:\/\/mozaika.pionyr.cz\/reset-2025-2\/\" target=\"_blank\" rel=\"noopener\">p\u0159e\u010d\u00edst \u010dl\u00e1nek v Mozaice Pion\u00fdra<\/a><\/p>\n<\/div><\/div><\/div><\/div><div class=\"et_pb_blurb_7 et_pb_blurb et_pb_bg_layout_light et_pb_blurb_position_top et_clickable et_pb_module et_block_module\"><div class=\"et_pb_blurb_content\"><div class=\"et_pb_main_blurb_image et_animated\"><span class=\"et_pb_image_wrap et_pb_only_image_mode_wrap\"><img loading=\"lazy\" decoding=\"async\" src=\"https:\/\/reset.pionyr.cz\/2025\/wp-content\/uploads\/sites\/3\/2024\/09\/cropped-logo-kulate-2.png\" width=\"512\" height=\"512\" srcset=\"https:\/\/reset.pionyr.cz\/2025\/wp-content\/uploads\/sites\/3\/2024\/09\/cropped-logo-kulate-2.png 512w, https:\/\/reset.pionyr.cz\/2025\/wp-content\/uploads\/sites\/3\/2024\/09\/cropped-logo-kulate-2-480x480.png 480w\" sizes=\"(min-width: 0px) and (max-width: 480px) 480px, (min-width: 481px) 512px, 100vw\" class=\"wp-image-144\" \/><\/span><\/div><div class=\"et_pb_blurb_container\"><h4 class=\"et_pb_module_header\">RESET 2025<\/h4><div class=\"et_pb_blurb_description\"><p><strong>Mozaika &#8211; \u00fanor 2025<\/strong><\/p>\n<p><a href=\"https:\/\/drive.google.com\/file\/d\/1EdWa-mxtjneD84QVLWJOOjNqCfG0FSpb\/view\" target=\"_blank\" rel=\"noopener\">p\u0159e\u010d\u00edst \u010dl\u00e1nek v Mozaice Pion\u00fdra<\/a><\/p>\n<\/div><\/div><\/div><\/div><\/div><\/div><div class=\"et_pb_row_inner_3 et_pb_row_inner et_block_row\"><div class=\"et_pb_column_inner_5 et_pb_column_inner et_pb_column et_pb_column_4_4 et-last-child et_block_column et_pb_css_mix_blend_mode_passthrough\"><div class=\"et_pb_text_3 et_pb_text et_pb_bg_layout_light et_pb_module et_block_module\"><div class=\"et_pb_text_inner\"><h2>AKCI PODPO\u0158ILI<\/h2>\n<\/div><\/div><div class=\"et_pb_image_0 et_pb_image et_pb_module et_block_module\"><a href=\"https:\/\/www.kr-vysocina.cz\/\"><span class=\"et_pb_image_wrap\"><img loading=\"lazy\" decoding=\"async\" src=\"https:\/\/reset.pionyr.cz\/2025\/wp-content\/uploads\/sites\/3\/2025\/03\/PODPORIL_KV_CMYK_zakladni.jpg\" width=\"945\" height=\"354\" srcset=\"https:\/\/reset.pionyr.cz\/2025\/wp-content\/uploads\/sites\/3\/2025\/03\/PODPORIL_KV_CMYK_zakladni.jpg 945w, https:\/\/reset.pionyr.cz\/2025\/wp-content\/uploads\/sites\/3\/2025\/03\/PODPORIL_KV_CMYK_zakladni-480x180.jpg 480w\" sizes=\"(min-width: 0px) and (max-width: 480px) 480px, (min-width: 481px) 945px, 100vw\" class=\"wp-image-438\" title=\"PODPORIL_KV_CMYK_zakladni\" \/><\/span><\/a><\/div><\/div><\/div><\/div><div class=\"et_pb_column_1 et_pb_column et_pb_column_single et_pb_column_1_3 et-last-child et_block_column et_pb_css_mix_blend_mode_passthrough\"><div class=\"et_pb_text_4 et_pb_text et_pb_bg_layout_light et_pb_module et_block_module\"><div class=\"et_pb_text_inner\"><h2 style=\"text-align: center\">AKTUALITY<\/h2>\n<\/div><\/div><div class=\"et_pb_blog_0 et_pb_blog et_pb_bg_layout_light et_pb_posts et_pb_module\"><div class=\"et_pb_ajax_pagination_container\"><div class=\"et_pb_posts et_grid_module\"><article class=\"et_pb_post et_pb_post_id_442 clearfix et_pb_no_thumb et_pb_has_overlay et_pb_blog_item_0_0 post-442 post type-post status-publish format-standard hentry category-aktuality\"><h2 class=\"entry-title\"><a href=\"https:\/\/reset.pionyr.cz\/2025\/aktuality\/tricka-velikosti\/\">TRI\u010cKA &#8211; VELIKOSTI<\/a><\/h2><p class=\"post-meta\"><span class=\"published\">9. 3. 2025<\/span><\/p><div class=\"post-content\"><div class=\"post-content-inner\"><p>Tri\u010dka budou pro v\u0161echny \u00fa\u010dastn\u00edky akce. Je pot\u0159eba nahl\u00e1sit velikosti dle p\u0159edlo\u017een\u00e9 tabulky. Nebudou k dispozici d\u011btsk\u00e9 velikosti, pouze konfek\u010dn\u00ed XS &#8211; XXXL. &nbsp; Potvrzen\u00ed pros\u00edm prov\u00e1d\u011bj prost\u0159ednictv\u00edm e-mailu reset.2025.pionyr@gmail.com<\/p>\n<\/div><a href=\"https:\/\/reset.pionyr.cz\/2025\/aktuality\/tricka-velikosti\/\" class=\"more-link\">\u010d\u00edst d\u00e1le&#8230;<\/a><\/div><\/article><article class=\"et_pb_post et_pb_post_id_509 clearfix et_pb_no_thumb et_pb_has_overlay et_pb_blog_item_0_1 post-509 post type-post status-publish format-standard hentry category-aktuality\"><h2 class=\"entry-title\"><a href=\"https:\/\/reset.pionyr.cz\/2025\/aktuality\/zaverecne-infromace\/\">Z\u00c1V\u011aRE\u010cN\u00c9 INFROMACE<\/a><\/h2><p class=\"post-meta\"><span class=\"published\">1. 6. 2025<\/span><\/p><div class=\"post-content\"><div class=\"post-content-inner\"><p>Mil\u00ed \u00fa\u010dastn\u00edci RESETu 2025, Minul\u00fd v\u00edkend byla j\u00edzda pln\u00e1 barev, energie a p\u0159\u00e1telsktv\u00ed, p\u0159esn\u011b takov\u00e1, jako m\u00e1 RESET b\u00fdt. Za cel\u00fd \u0161t\u00e1b bych v\u00e1m touto cestou cht\u011bla pod\u011bkovat za \u00fa\u010dast, d\u016fv\u011bru, kterou jste v\u00a0n\u00e1s vlo\u017eili a\u00a0 onu neskute\u010dnou energii, kter\u00e1 h\u0159\u00e1la&#8230;<\/p>\n<\/div><a href=\"https:\/\/reset.pionyr.cz\/2025\/aktuality\/zaverecne-infromace\/\" class=\"more-link\">\u010d\u00edst d\u00e1le&#8230;<\/a><\/div><\/article><article class=\"et_pb_post et_pb_post_id_500 clearfix et_pb_no_thumb et_pb_has_overlay et_pb_blog_item_0_2 post-500 post type-post status-publish format-standard hentry category-aktuality\"><h2 class=\"entry-title\"><a href=\"https:\/\/reset.pionyr.cz\/2025\/aktuality\/mapa-arealu-aktualni\/\">MAPA ARE\u00c1LU AKTU\u00c1LN\u00cd<\/a><\/h2><p class=\"post-meta\"><span class=\"published\">17. 5. 2025<\/span><\/p><div class=\"post-content\"><div class=\"post-content-inner\"><\/div><a href=\"https:\/\/reset.pionyr.cz\/2025\/aktuality\/mapa-arealu-aktualni\/\" class=\"more-link\">\u010d\u00edst d\u00e1le&#8230;<\/a><\/div><\/article><article class=\"et_pb_post et_pb_post_id_488 clearfix et_pb_no_thumb et_pb_has_overlay et_pb_blog_item_0_3 post-488 post type-post status-publish format-standard hentry category-aktuality\"><h2 class=\"entry-title\"><a href=\"https:\/\/reset.pionyr.cz\/2025\/aktuality\/atrakce\/\">RESET &#8211; atrakce v r\u00e1mci \u017d\u010f\u00e1ru<\/a><\/h2><p class=\"post-meta\"><span class=\"published\">17. 5. 2025<\/span><\/p><div class=\"post-content\"><div class=\"post-content-inner\"><p>RESET &#8211; atrakce v r\u00e1mci \u017d\u010f\u00e1ru Zelen\u00e1 hora: p\u0159\u00edstup do ambit\u016f okolo kostela\u00a0 &#8211; voln\u00fd 9:00 &#8211; 17:00 kostel Sv. Jana Nepomuck\u00e9ho &#8211; komentovan\u00e9 prohl\u00eddky ,po 30m\u00edst v sobotu v 13:00, ned\u011ble v 9:00, 10:00 a 13:00 (proplacen\u00e9); &#8211; jinak b\u011bhem cel\u00e9ho v\u00edkendu od 9:00 do 16:00&#8230;<\/p>\n<\/div><a href=\"https:\/\/reset.pionyr.cz\/2025\/aktuality\/atrakce\/\" class=\"more-link\">\u010d\u00edst d\u00e1le&#8230;<\/a><\/div><\/article><article class=\"et_pb_post et_pb_post_id_482 clearfix et_pb_no_thumb et_pb_has_overlay et_pb_blog_item_0_4 post-482 post type-post status-publish format-standard hentry category-aktuality\"><h2 class=\"entry-title\"><a href=\"https:\/\/reset.pionyr.cz\/2025\/aktuality\/dotace-na-dopravu\/\">DOTACE NA DOPRAVU<\/a><\/h2><p class=\"post-meta\"><span class=\"published\">14. 5. 2025<\/span><\/p><div class=\"post-content\"><div class=\"post-content-inner\"><p>Dotace se poskytuje na dopravu \u00fa\u010dastn\u00edk\u016f na m\u00edsto kon\u00e1n\u00ed akce a zp\u011bt, a to bu\u010f hromadnou dopravou (autobus, vlak) nebo prost\u0159ednictv\u00edm slu\u017eby p\u0159epravce (objednan\u00fd autobus). Dotaci nelze poskytnout na \u00fahradu cestovn\u00edch n\u00e1klad\u016f p\u0159i pou\u017eit\u00ed soukrom\u00fdch vozidel. Pro&#8230;<\/p>\n<\/div><a href=\"https:\/\/reset.pionyr.cz\/2025\/aktuality\/dotace-na-dopravu\/\" class=\"more-link\">\u010d\u00edst d\u00e1le&#8230;<\/a><\/div><\/article><article class=\"et_pb_post et_pb_post_id_245 clearfix et_pb_no_thumb et_pb_has_overlay et_pb_blog_item_0_5 post-245 post type-post status-publish format-standard hentry category-aktuality\"><h2 class=\"entry-title\"><a href=\"https:\/\/reset.pionyr.cz\/2025\/aktuality\/reset-se-pomalu-ale-jiste-blizi\/\">RESET se pomalu, ale jist\u011b bl\u00ed\u017e\u00ed!<\/a><\/h2><p class=\"post-meta\"><span class=\"published\">10. 9. 2024<\/span><\/p><div class=\"post-content\"><div class=\"post-content-inner\"><p>M\u00edsto a\u00a0setk\u00e1n\u00ed RESETu u\u017e nen\u00ed tajemstv\u00edm, ale pro\u010d si oboj\u00ed nep\u0159ipomenout. Budeme se na\u00a0v\u00e1s v\u0161echny t\u011b\u0161it 23.-25.\u00a0kv\u011btna 2025 v\u00a0kempu Pil\u00e1k ve\u00a0\u017d\u010f\u00e1\u0159e nad S\u00e1zavou. Proto\u017ee bude rok 2025 rokem oslav p\u016flkulat\u00e9ho 35.\u00a0v\u00fdro\u010d\u00ed obnoven\u00e9ho Pion\u00fdra, bude i\u00a0RESET prob\u00edhat&#8230;<\/p>\n<\/div><a href=\"https:\/\/reset.pionyr.cz\/2025\/aktuality\/reset-se-pomalu-ale-jiste-blizi\/\" class=\"more-link\">\u010d\u00edst d\u00e1le&#8230;<\/a><\/div><\/article><\/div><\/div><\/div><div class=\"et_pb_text_5 et_pb_text et_pb_bg_layout_light et_pb_module et_block_module\"><div class=\"et_pb_text_inner\"><h2 style=\"text-align: center\">Z\u00c1\u0160TITU NAD AKC\u00cd P\u0158EVZALI<\/h2>\n<\/div><\/div><div class=\"et_pb_team_member_0 et_pb_team_member et_pb_bg_layout_light et_pb_text_align_center et_pb_module et_flex_module\"><div class=\"et_pb_team_member_image et-waypoint et_pb_animation_off\"><img loading=\"lazy\" decoding=\"async\" src=\"https:\/\/reset.pionyr.cz\/2025\/wp-content\/uploads\/sites\/3\/2025\/04\/Martin_Mrkos.8c681ff3.fill-224x224-1-e1745605596890.png\" alt=\"Ing. Martin Mrkos, ACCA\" width=\"200\" height=\"200\" srcset=\"https:\/\/reset.pionyr.cz\/2025\/wp-content\/uploads\/sites\/3\/2025\/04\/Martin_Mrkos.8c681ff3.fill-224x224-1-e1745605596890.png 200w\" sizes=\"(max-width: 200px) 100vw, 200px\" class=\"wp-image-451\" \/><\/div><div class=\"et_pb_team_member_description\"><h4 class=\"et_pb_module_header\">Ing. Martin Mrkos, ACCA<\/h4><p class=\"et_pb_member_position\">Starosta m\u011bsta \u017d\u010f\u00e1r nad S\u00e1zavou<\/p><div class=\"et_pb_team_member_description_content\"><p><img loading=\"lazy\" decoding=\"async\" class=\"aligncenter wp-image-452 size-thumbnail\" src=\"https:\/\/reset.pionyr.cz\/2025\/wp-content\/uploads\/sites\/3\/2025\/04\/images-6-150x150.png\" alt=\"\" width=\"150\" height=\"150\" srcset=\"https:\/\/reset.pionyr.cz\/2025\/wp-content\/uploads\/sites\/3\/2025\/04\/images-6-150x150.png 150w, https:\/\/reset.pionyr.cz\/2025\/wp-content\/uploads\/sites\/3\/2025\/04\/images-6.png 225w\" sizes=\"(max-width: 150px) 100vw, 150px\" \/><\/p>\n<\/div><\/div><\/div><div class=\"et_pb_team_member_1 et_pb_team_member et_pb_bg_layout_light et_pb_text_align_center et_pb_module et_flex_module\"><div class=\"et_pb_team_member_image et-waypoint et_pb_animation_off\"><img loading=\"lazy\" decoding=\"async\" src=\"https:\/\/reset.pionyr.cz\/2025\/wp-content\/uploads\/sites\/3\/2025\/04\/zk-kukla-e1745605617555.jpg\" alt=\"Ing. Martin Kukla\" width=\"200\" height=\"272\" srcset=\"https:\/\/reset.pionyr.cz\/2025\/wp-content\/uploads\/sites\/3\/2025\/04\/zk-kukla-e1745605617555.jpg 200w\" sizes=\"(max-width: 200px) 100vw, 200px\" class=\"wp-image-456\" \/><\/div><div class=\"et_pb_team_member_description\"><h4 class=\"et_pb_module_header\">Ing. Martin Kukla<\/h4><p class=\"et_pb_member_position\">Hejtman Kraje Vyso\u010dina<\/p><div class=\"et_pb_team_member_description_content\"><p><img loading=\"lazy\" decoding=\"async\" class=\"aligncenter wp-image-438 size-medium\" src=\"https:\/\/reset.pionyr.cz\/2025\/wp-content\/uploads\/sites\/3\/2025\/03\/PODPORIL_KV_CMYK_zakladni-300x112.jpg\" alt=\"\" width=\"300\" height=\"112\" \/><\/p>\n<\/div><\/div><\/div><div class=\"et_pb_team_member_2 et_pb_team_member et_pb_bg_layout_light et_pb_text_align_center et_pb_module et_flex_module\"><div class=\"et_pb_team_member_image et-waypoint et_pb_animation_off\"><img loading=\"lazy\" decoding=\"async\" src=\"https:\/\/reset.pionyr.cz\/2025\/wp-content\/uploads\/sites\/3\/2025\/04\/klementj_295-e1745605870256.jpg\" alt=\"Ing. Josef Klement\" width=\"200\" height=\"200\" srcset=\"https:\/\/reset.pionyr.cz\/2025\/wp-content\/uploads\/sites\/3\/2025\/04\/klementj_295-e1745605870256.jpg 200w\" sizes=\"(max-width: 200px) 100vw, 200px\" class=\"wp-image-468\" \/><\/div><div class=\"et_pb_team_member_description\"><h4 class=\"et_pb_module_header\">Ing. Josef Klement<\/h4><p class=\"et_pb_member_position\">Sen\u00e1tor za \u017d\u010f\u00e1rsko, Byst\u0159icko, Novom\u011bstsko a Velkomezi\u0159\u00ed\u010dsko<\/p><div class=\"et_pb_team_member_description_content\"><p><img loading=\"lazy\" decoding=\"async\" class=\"aligncenter wp-image-467 size-thumbnail\" src=\"https:\/\/reset.pionyr.cz\/2025\/wp-content\/uploads\/sites\/3\/2025\/04\/senat_logo_zakladni_modre_cz_RGB-150x150.png\" alt=\"\" width=\"150\" height=\"150\" \/><\/p>\n<\/div><\/div><\/div><div class=\"et_pb_team_member_3 et_pb_team_member et_pb_bg_layout_light et_pb_text_align_center et_pb_module et_flex_module\"><div class=\"et_pb_team_member_image et-waypoint et_pb_animation_off\"><img loading=\"lazy\" decoding=\"async\" src=\"https:\/\/reset.pionyr.cz\/2025\/wp-content\/uploads\/sites\/3\/2025\/04\/simekd_295-e1745606141396.jpg\" alt=\"Mgr. Bc. David \u0160imek, MBA\" width=\"200\" height=\"200\" srcset=\"https:\/\/reset.pionyr.cz\/2025\/wp-content\/uploads\/sites\/3\/2025\/04\/simekd_295-e1745606141396.jpg 200w\" sizes=\"(max-width: 200px) 100vw, 200px\" class=\"wp-image-475\" \/><\/div><div class=\"et_pb_team_member_description\"><h4 class=\"et_pb_module_header\">Mgr. Bc. David \u0160imek, MBA<\/h4><p class=\"et_pb_member_position\">Sen\u00e1tor za Svitavy<\/p><div class=\"et_pb_team_member_description_content\"><p><img loading=\"lazy\" decoding=\"async\" class=\"aligncenter wp-image-467 size-thumbnail\" src=\"https:\/\/reset.pionyr.cz\/2025\/wp-content\/uploads\/sites\/3\/2025\/04\/senat_logo_zakladni_modre_cz_RGB-150x150.png\" alt=\"\" width=\"150\" height=\"150\" \/><\/p>\n<\/div><\/div><\/div><\/div><\/div><\/div>","protected":false},"excerpt":{"rendered":"","protected":false},"author":1,"featured_media":141,"parent":0,"menu_order":0,"comment_status":"closed","ping_status":"closed","template":"","meta":{"_acf_changed":false,"footnotes":""},"class_list":["post-2","page","type-page","status-publish","has-post-thumbnail","hentry"],"acf":[],"_links":{"self":[{"href":"https:\/\/reset.pionyr.cz\/2025\/wp-json\/wp\/v2\/pages\/2","targetHints":{"allow":["GET"]}}],"collection":[{"href":"https:\/\/reset.pionyr.cz\/2025\/wp-json\/wp\/v2\/pages"}],"about":[{"href":"https:\/\/reset.pionyr.cz\/2025\/wp-json\/wp\/v2\/types\/page"}],"author":[{"embeddable":true,"href":"https:\/\/reset.pionyr.cz\/2025\/wp-json\/wp\/v2\/users\/1"}],"replies":[{"embeddable":true,"href":"https:\/\/reset.pionyr.cz\/2025\/wp-json\/wp\/v2\/comments?post=2"}],"version-history":[{"count":46,"href":"https:\/\/reset.pionyr.cz\/2025\/wp-json\/wp\/v2\/pages\/2\/revisions"}],"predecessor-version":[{"id":526,"href":"https:\/\/reset.pionyr.cz\/2025\/wp-json\/wp\/v2\/pages\/2\/revisions\/526"}],"wp:featuredmedia":[{"embeddable":true,"href":"https:\/\/reset.pionyr.cz\/2025\/wp-json\/wp\/v2\/media\/141"}],"wp:attachment":[{"href":"https:\/\/reset.pionyr.cz\/2025\/wp-json\/wp\/v2\/media?parent=2"}],"curies":[{"name":"wp","href":"https:\/\/api.w.org\/{rel}","templated":true}]}}