{"id":231,"date":"2024-09-10T09:14:15","date_gmt":"2024-09-10T07:14:15","guid":{"rendered":"https:\/\/reset.pionyr.cz\/2025\/?page_id=231"},"modified":"2026-05-14T13:55:41","modified_gmt":"2026-05-14T11:55:41","slug":"35-let-pionyra-ve-fotkach","status":"publish","type":"page","link":"https:\/\/reset.pionyr.cz\/2025\/35-let-pionyra-ve-fotkach\/","title":{"rendered":"35 let Pion\u00fdra ve fotk\u00e1ch"},"content":{"rendered":"\n<div class=\"et_pb_section_0 et_pb_section et_section_regular et_block_section\"><div class=\"et_pb_row_0 et_pb_row et_block_row\"><div class=\"et_pb_column_0 et_pb_column et_pb_column_4_4 et-last-child et_block_column et_pb_css_mix_blend_mode_passthrough\"><div class=\"et_pb_heading_0 et_pb_heading et_pb_module et_block_module\"><div class=\"et_pb_heading_container\"><h1 class=\"et_pb_module_header\">35 let Pion\u00fdra ve fotk\u00e1ch<\/h1><\/div><\/div><div class=\"et_pb_text_0 et_pb_text et_pb_bg_layout_light et_pb_module et_block_module et_pb_text_align_center\"><div class=\"et_pb_text_inner\"><p>Na akci RESET 2025 p\u0159ipravujeme v r\u00e1mci zahajovac\u00edho ve\u010dera prezentaci z fotografi\u00ed k 35 v\u00fdro\u010d\u00ed Pion\u00fdra.<\/p>\n<p>R\u00e1di bychom V\u00e1s po\u017e\u00e1dali, zdali by jste se s n\u00e1mi nepod\u011blili o p\u00e1r fotografi\u00ed z va\u0161\u00ed \u010dinnosti a akc\u00ed za uplynul\u00fdch 35 let.<\/p>\n<p>P\u0159edem d\u011bkujeme<\/p>\n<\/div><\/div><\/div><\/div><div class=\"et_pb_row_1 et_pb_row et_block_row\"><div class=\"et_pb_column_1 et_pb_column et_pb_column_1_2 et_block_column et_pb_css_mix_blend_mode_passthrough\"><div class=\"et_pb_image_0 et_pb_image et_pb_module et_block_module\"><span class=\"et_pb_image_wrap\"><img loading=\"lazy\" decoding=\"async\" src=\"https:\/\/reset.pionyr.cz\/2025\/wp-content\/uploads\/sites\/3\/2024\/09\/images-1.png\" width=\"237\" height=\"213\" srcset=\"https:\/\/reset.pionyr.cz\/2025\/wp-content\/uploads\/sites\/3\/2024\/09\/images-1.png 237w\" sizes=\"(max-width: 237px) 100vw, 237px\" class=\"wp-image-266\" title=\"images (1)\" \/><\/span><\/div><div class=\"et_pb_text_1 et_pb_text et_pb_bg_layout_light et_pb_module et_block_module et_pb_text_align_center\"><div class=\"et_pb_text_inner\"><p>Fotky m\u016f\u017eete ukl\u00e1dat na Google Disk<\/p>\n<p>Pros\u00edme o nahr\u00e1v\u00e1n\u00ed do jednotliv\u00fdch slo\u017eek, kter\u00e9 pojmenujete va\u0161\u00ed PS s n\u00e1zvem akce a rokem.<\/p>\n<p>(nap\u0159.: PSVyso\u010dinaSvitavy_RESET2023_2023)<\/p>\n<p><strong><em><a href=\"https:\/\/drive.google.com\/drive\/folders\/1TuJE_M_rsOTI3c4aoxVlA5qF1QIxMBMX?usp=sharing\">Odkaz na slo\u017eku<\/a><\/em><\/strong><\/p>\n<p>&nbsp;<\/p>\n<\/div><\/div><\/div><div class=\"et_pb_column_2 et_pb_column et_pb_column_1_2 et-last-child et_block_column et_pb_css_mix_blend_mode_passthrough\"><div class=\"et_pb_image_1 et_pb_image et_pb_module et_block_module\"><span class=\"et_pb_image_wrap\"><img loading=\"lazy\" decoding=\"async\" src=\"https:\/\/reset.pionyr.cz\/2025\/wp-content\/uploads\/sites\/3\/2024\/09\/images-2.png\" width=\"225\" height=\"225\" srcset=\"https:\/\/reset.pionyr.cz\/2025\/wp-content\/uploads\/sites\/3\/2024\/09\/images-2.png 225w, https:\/\/reset.pionyr.cz\/2025\/wp-content\/uploads\/sites\/3\/2024\/09\/images-2-150x150.png 150w\" sizes=\"(max-width: 225px) 100vw, 225px\" class=\"wp-image-268\" title=\"images (2)\" \/><\/span><\/div><div class=\"et_pb_text_2 et_pb_text et_pb_bg_layout_light et_pb_module et_block_module et_pb_text_align_center\"><div class=\"et_pb_text_inner\"><p>Fotky m\u016f\u017eete i zaslat na ofici\u00e1ln\u00ed e-mail akce.<\/p>\n<p>Pros\u00edme, abyste do p\u0159edm\u011btu e-mailu uvedli va\u0161\u00ed PS a n\u00e1zev akce s rokem.<\/p>\n<p><em><strong>reset.2025.pionyr@gmail.com<\/strong><\/em><\/p>\n<p><a href=\"reset.2025.pionyr@gmail.com\">Ofici\u00e1ln\u00ed e-mail<\/a><\/p>\n<\/div><\/div><\/div><\/div><div class=\"et_pb_row_2 et_pb_row et_block_row\"><div class=\"et_pb_column_3 et_pb_column et_pb_column_4_4 et-last-child et_block_column et_pb_css_mix_blend_mode_passthrough\"><div class=\"et_pb_gallery_0 et_pb_gallery et_pb_bg_layout_light et_pb_gallery_grid et_pb_module\" data-auto-rotate=\"off\" data-auto-rotate-speed=\"\"><div class=\"et_pb_gallery_items et_post_gallery clearfix et_grid_module\" data-per_page=\"8\"><div class=\"et_pb_gallery_item et_pb_grid_item et_pb_gallery_item_0_0\"><div class=\"et_pb_gallery_image landscape\" data-per_page=\"8\"><a href=\"https:\/\/reset.pionyr.cz\/2025\/wp-content\/uploads\/sites\/3\/2024\/09\/00C8625D-01D1-42DE-BF9C-6ED921770C7C.jpg\" title=\"00C8625D-01D1-42DE-BF9C-6ED921770C7C\"><img loading=\"lazy\" decoding=\"async\" width=\"400\" height=\"284\" src=\"https:\/\/reset.pionyr.cz\/2025\/wp-content\/uploads\/sites\/3\/2024\/09\/00C8625D-01D1-42DE-BF9C-6ED921770C7C-400x284.jpg\" alt=\"\" class=\"wp-image-251\" srcset=\"https:\/\/reset.pionyr.cz\/2025\/wp-content\/uploads\/sites\/3\/2024\/09\/00C8625D-01D1-42DE-BF9C-6ED921770C7C.jpg 479w, https:\/\/reset.pionyr.cz\/2025\/wp-content\/uploads\/sites\/3\/2024\/09\/00C8625D-01D1-42DE-BF9C-6ED921770C7C-400x284.jpg 480w\" sizes=\"(max-width:479px) 479px, 100vw\" \/><span class=\"et_overlay\" data-icon=\"\" data-icon-tablet=\"\" data-icon-phone=\"\"><\/span><\/a><\/div><\/div><div class=\"et_pb_gallery_item et_pb_grid_item et_pb_gallery_item_0_1\"><div class=\"et_pb_gallery_image landscape\" data-per_page=\"8\"><a href=\"https:\/\/reset.pionyr.cz\/2025\/wp-content\/uploads\/sites\/3\/2024\/09\/0312F038-8DF4-4AB3-BD8E-26040D55AAB3.jpg\" title=\"0312F038-8DF4-4AB3-BD8E-26040D55AAB3\"><img loading=\"lazy\" decoding=\"async\" width=\"400\" height=\"284\" src=\"https:\/\/reset.pionyr.cz\/2025\/wp-content\/uploads\/sites\/3\/2024\/09\/0312F038-8DF4-4AB3-BD8E-26040D55AAB3-400x284.jpg\" alt=\"\" class=\"wp-image-252\" srcset=\"https:\/\/reset.pionyr.cz\/2025\/wp-content\/uploads\/sites\/3\/2024\/09\/0312F038-8DF4-4AB3-BD8E-26040D55AAB3.jpg 479w, https:\/\/reset.pionyr.cz\/2025\/wp-content\/uploads\/sites\/3\/2024\/09\/0312F038-8DF4-4AB3-BD8E-26040D55AAB3-400x284.jpg 480w\" sizes=\"(max-width:479px) 479px, 100vw\" \/><span class=\"et_overlay\" data-icon=\"\" data-icon-tablet=\"\" data-icon-phone=\"\"><\/span><\/a><\/div><\/div><div class=\"et_pb_gallery_item et_pb_grid_item et_pb_gallery_item_0_2\"><div class=\"et_pb_gallery_image landscape\" data-per_page=\"8\"><a href=\"https:\/\/reset.pionyr.cz\/2025\/wp-content\/uploads\/sites\/3\/2024\/09\/IMG_3320-scaled.jpg\" title=\"IMG_3320\"><img loading=\"lazy\" decoding=\"async\" width=\"400\" height=\"284\" src=\"https:\/\/reset.pionyr.cz\/2025\/wp-content\/uploads\/sites\/3\/2024\/09\/IMG_3320-400x284.jpg\" alt=\"\" class=\"wp-image-253\" srcset=\"https:\/\/reset.pionyr.cz\/2025\/wp-content\/uploads\/sites\/3\/2024\/09\/IMG_3320-scaled.jpg 479w, https:\/\/reset.pionyr.cz\/2025\/wp-content\/uploads\/sites\/3\/2024\/09\/IMG_3320-400x284.jpg 480w\" sizes=\"(max-width:479px) 479px, 100vw\" \/><span class=\"et_overlay\" data-icon=\"\" data-icon-tablet=\"\" data-icon-phone=\"\"><\/span><\/a><\/div><\/div><div class=\"et_pb_gallery_item et_pb_grid_item et_pb_gallery_item_0_3\"><div class=\"et_pb_gallery_image landscape\" data-per_page=\"8\"><a href=\"https:\/\/reset.pionyr.cz\/2025\/wp-content\/uploads\/sites\/3\/2024\/09\/IMG_1345-scaled.jpg\" title=\"IMG_1345\"><img loading=\"lazy\" decoding=\"async\" width=\"400\" height=\"284\" src=\"https:\/\/reset.pionyr.cz\/2025\/wp-content\/uploads\/sites\/3\/2024\/09\/IMG_1345-400x284.jpg\" alt=\"\" class=\"wp-image-254\" srcset=\"https:\/\/reset.pionyr.cz\/2025\/wp-content\/uploads\/sites\/3\/2024\/09\/IMG_1345-scaled.jpg 479w, https:\/\/reset.pionyr.cz\/2025\/wp-content\/uploads\/sites\/3\/2024\/09\/IMG_1345-400x284.jpg 480w\" sizes=\"(max-width:479px) 479px, 100vw\" \/><span class=\"et_overlay\" data-icon=\"\" data-icon-tablet=\"\" data-icon-phone=\"\"><\/span><\/a><\/div><\/div><div class=\"et_pb_gallery_item et_pb_grid_item et_pb_gallery_item_0_4\"><div class=\"et_pb_gallery_image landscape\" data-per_page=\"8\"><a href=\"https:\/\/reset.pionyr.cz\/2025\/wp-content\/uploads\/sites\/3\/2024\/09\/DSC_0934-scaled.jpg\" title=\"DSC_0934\"><img loading=\"lazy\" decoding=\"async\" width=\"400\" height=\"284\" src=\"https:\/\/reset.pionyr.cz\/2025\/wp-content\/uploads\/sites\/3\/2024\/09\/DSC_0934-400x284.jpg\" alt=\"\" class=\"wp-image-255\" srcset=\"https:\/\/reset.pionyr.cz\/2025\/wp-content\/uploads\/sites\/3\/2024\/09\/DSC_0934-scaled.jpg 479w, https:\/\/reset.pionyr.cz\/2025\/wp-content\/uploads\/sites\/3\/2024\/09\/DSC_0934-400x284.jpg 480w\" sizes=\"(max-width:479px) 479px, 100vw\" \/><span class=\"et_overlay\" data-icon=\"\" data-icon-tablet=\"\" data-icon-phone=\"\"><\/span><\/a><\/div><\/div><div class=\"et_pb_gallery_item et_pb_grid_item et_pb_gallery_item_0_5\"><div class=\"et_pb_gallery_image landscape\" data-per_page=\"8\"><a href=\"https:\/\/reset.pionyr.cz\/2025\/wp-content\/uploads\/sites\/3\/2024\/09\/DSC_0042-scaled.jpg\" title=\"DSC_0042\"><img loading=\"lazy\" decoding=\"async\" width=\"400\" height=\"284\" src=\"https:\/\/reset.pionyr.cz\/2025\/wp-content\/uploads\/sites\/3\/2024\/09\/DSC_0042-400x284.jpg\" alt=\"\" class=\"wp-image-256\" srcset=\"https:\/\/reset.pionyr.cz\/2025\/wp-content\/uploads\/sites\/3\/2024\/09\/DSC_0042-scaled.jpg 479w, https:\/\/reset.pionyr.cz\/2025\/wp-content\/uploads\/sites\/3\/2024\/09\/DSC_0042-400x284.jpg 480w\" sizes=\"(max-width:479px) 479px, 100vw\" \/><span class=\"et_overlay\" data-icon=\"\" data-icon-tablet=\"\" data-icon-phone=\"\"><\/span><\/a><\/div><\/div><div class=\"et_pb_gallery_item et_pb_grid_item et_pb_gallery_item_0_6\"><div class=\"et_pb_gallery_image landscape\" data-per_page=\"8\"><a href=\"https:\/\/reset.pionyr.cz\/2025\/wp-content\/uploads\/sites\/3\/2024\/09\/IMG-20230514-WA0001.jpg\" title=\"IMG-20230514-WA0001\"><img loading=\"lazy\" decoding=\"async\" width=\"400\" height=\"284\" src=\"https:\/\/reset.pionyr.cz\/2025\/wp-content\/uploads\/sites\/3\/2024\/09\/IMG-20230514-WA0001-400x284.jpg\" alt=\"\" class=\"wp-image-257\" srcset=\"https:\/\/reset.pionyr.cz\/2025\/wp-content\/uploads\/sites\/3\/2024\/09\/IMG-20230514-WA0001.jpg 479w, https:\/\/reset.pionyr.cz\/2025\/wp-content\/uploads\/sites\/3\/2024\/09\/IMG-20230514-WA0001-400x284.jpg 480w\" sizes=\"(max-width:479px) 479px, 100vw\" \/><span class=\"et_overlay\" data-icon=\"\" data-icon-tablet=\"\" data-icon-phone=\"\"><\/span><\/a><\/div><\/div><div class=\"et_pb_gallery_item et_pb_grid_item et_pb_gallery_item_0_7\"><div class=\"et_pb_gallery_image landscape\" data-per_page=\"8\"><a href=\"https:\/\/reset.pionyr.cz\/2025\/wp-content\/uploads\/sites\/3\/2024\/09\/IMG-20230515-WA0000.jpg\" title=\"IMG-20230515-WA0000\"><img loading=\"lazy\" decoding=\"async\" width=\"400\" height=\"284\" src=\"https:\/\/reset.pionyr.cz\/2025\/wp-content\/uploads\/sites\/3\/2024\/09\/IMG-20230515-WA0000-400x284.jpg\" alt=\"\" class=\"wp-image-258\" srcset=\"https:\/\/reset.pionyr.cz\/2025\/wp-content\/uploads\/sites\/3\/2024\/09\/IMG-20230515-WA0000.jpg 479w, https:\/\/reset.pionyr.cz\/2025\/wp-content\/uploads\/sites\/3\/2024\/09\/IMG-20230515-WA0000-400x284.jpg 480w\" sizes=\"(max-width:479px) 479px, 100vw\" \/><span class=\"et_overlay\" data-icon=\"\" data-icon-tablet=\"\" data-icon-phone=\"\"><\/span><\/a><\/div><\/div><\/div><div class=\"et_pb_gallery_pagination\"><\/div><\/div><\/div><\/div><\/div>\n","protected":false},"excerpt":{"rendered":"","protected":false},"author":2,"featured_media":0,"parent":0,"menu_order":0,"comment_status":"closed","ping_status":"closed","template":"","meta":{"_acf_changed":false,"footnotes":""},"class_list":["post-231","page","type-page","status-publish","hentry"],"acf":[],"_links":{"self":[{"href":"https:\/\/reset.pionyr.cz\/2025\/wp-json\/wp\/v2\/pages\/231","targetHints":{"allow":["GET"]}}],"collection":[{"href":"https:\/\/reset.pionyr.cz\/2025\/wp-json\/wp\/v2\/pages"}],"about":[{"href":"https:\/\/reset.pionyr.cz\/2025\/wp-json\/wp\/v2\/types\/page"}],"author":[{"embeddable":true,"href":"https:\/\/reset.pionyr.cz\/2025\/wp-json\/wp\/v2\/users\/2"}],"replies":[{"embeddable":true,"href":"https:\/\/reset.pionyr.cz\/2025\/wp-json\/wp\/v2\/comments?post=231"}],"version-history":[{"count":14,"href":"https:\/\/reset.pionyr.cz\/2025\/wp-json\/wp\/v2\/pages\/231\/revisions"}],"predecessor-version":[{"id":534,"href":"https:\/\/reset.pionyr.cz\/2025\/wp-json\/wp\/v2\/pages\/231\/revisions\/534"}],"wp:attachment":[{"href":"https:\/\/reset.pionyr.cz\/2025\/wp-json\/wp\/v2\/media?parent=231"}],"curies":[{"name":"wp","href":"https:\/\/api.w.org\/{rel}","templated":true}]}}